{"id":132,"date":"2016-11-02T18:44:28","date_gmt":"2016-11-02T17:44:28","guid":{"rendered":"http:\/\/www.inh-shop.de\/?post_type=product&#038;p=132"},"modified":"2020-04-03T17:04:41","modified_gmt":"2020-04-03T15:04:41","slug":"keramiktasse-susannchen-und-freunde","status":"publish","type":"product","link":"https:\/\/www.inh-shop.de\/?product=keramiktasse-susannchen-und-freunde","title":{"rendered":"Tasse &#8222;Susannchen, Max und Freunde&#8220;"},"content":{"rendered":"","protected":false},"excerpt":{"rendered":"<p>Preis pro St\u00fcck, inklusive <strong>Mehrwertsteuer<\/strong><br \/>\npauschale <strong>Versandkosten pro Lieferung:<br \/>\n<\/strong>innerhalb Deutschlands: \u20ac 6,00<br \/>\ninnerhalb der Europ\u00e4ischen Union: \u20ac 11,00<br \/>\nweltweit: \u20ac 18,00<strong><br \/>\n<\/strong><\/p>\n<p><strong>Beschreibung:<\/strong><br \/>\nBedruckte Keramiktasse &#8222;Susannchen, Max und Freunde&#8220;.<\/p>\n<p>Grundfarben: au\u00dfen und innen gl\u00e4nzend wei\u00df<br \/>\nMaterial: Keramik<br \/>\nInhalt: ca. 340 ml<br \/>\nDurchmesser: ca. 82 mm<br \/>\nGewicht: ca. 380 g<br \/>\nH\u00f6he: ca. 95 mm<br \/>\nSp\u00fclmaschinenfest<\/p>\n","protected":false},"featured_media":841,"template":"","meta":{"jetpack_post_was_ever_published":false,"jetpack_publicize_message":"","jetpack_publicize_feature_enabled":true,"jetpack_social_post_already_shared":false,"jetpack_social_options":{"image_generator_settings":{"template":"highway","default_image_id":0,"font":"","enabled":false},"version":2}},"product_brand":[],"product_cat":[50],"product_tag":[30,29,28],"class_list":{"0":"post-132","1":"product","2":"type-product","3":"status-publish","4":"has-post-thumbnail","6":"product_cat-tassen","7":"product_tag-kinder","8":"product_tag-susannchen","9":"product_tag-tasse","10":"product_shipping_class-paeckchen","12":"first","13":"instock","14":"shipping-taxable","15":"purchasable","16":"product-type-simple"},"jetpack_publicize_connections":[],"jetpack_sharing_enabled":true,"_links":{"self":[{"href":"https:\/\/www.inh-shop.de\/index.php?rest_route=\/wp\/v2\/product\/132","targetHints":{"allow":["GET"]}}],"collection":[{"href":"https:\/\/www.inh-shop.de\/index.php?rest_route=\/wp\/v2\/product"}],"about":[{"href":"https:\/\/www.inh-shop.de\/index.php?rest_route=\/wp\/v2\/types\/product"}],"wp:featuredmedia":[{"embeddable":true,"href":"https:\/\/www.inh-shop.de\/index.php?rest_route=\/wp\/v2\/media\/841"}],"wp:attachment":[{"href":"https:\/\/www.inh-shop.de\/index.php?rest_route=%2Fwp%2Fv2%2Fmedia&parent=132"}],"wp:term":[{"taxonomy":"product_brand","embeddable":true,"href":"https:\/\/www.inh-shop.de\/index.php?rest_route=%2Fwp%2Fv2%2Fproduct_brand&post=132"},{"taxonomy":"product_cat","embeddable":true,"href":"https:\/\/www.inh-shop.de\/index.php?rest_route=%2Fwp%2Fv2%2Fproduct_cat&post=132"},{"taxonomy":"product_tag","embeddable":true,"href":"https:\/\/www.inh-shop.de\/index.php?rest_route=%2Fwp%2Fv2%2Fproduct_tag&post=132"}],"curies":[{"name":"wp","href":"https:\/\/api.w.org\/{rel}","templated":true}]}}